, -4*q + 2*p = -228. List the prime factors of q.
59
Suppose 215 + 379 = -11*o. Let f = o - -116. Let a = -14 + f. What are the prime factors of a?
2, 3
Let w = 382 - -133. What are the prime factors of w?
5, 103
Suppose 0 = -3*q + 42 - 6. Suppose 3*p + 2*n + 3 = 0, -p + 4*p - q = 3*n. What are the prime factors of -4 + (-2 - -37 - p)?
2, 3, 5
Let l = -363 - -417. List the prime factors of (0 - 87/(-6))*l.
3, 29
Suppose 0*j = j - 4*j. Suppose j = 8*t - 1682 - 1094. List the prime factors of t.
347
Let y = 243 + -243. Suppose y = -3*i - 118 + 448. What are the prime factors of i?
2, 5, 11
Suppose -6*c = 24*c + 37*c - 2350762. List the prime factors of c.
2, 53, 331
Suppose 9162*q + 1216864 = 9206*q. List the prime factors of q.
2, 3457
Let g = 116 - -49. Suppose -5*a - 5*w = -g, -3*a + 5*w + 60 = -55. What are the prime factors of 1*-3 + 7/(a/1035)?
2, 3, 17
Let q(b) = -b**2 + 15*b + 774. List the prime factors of q(0).
2, 3, 43
Suppose -2*x = 10*s - 6*s - 2, -4*s = 3*x + 1. List the prime factors of 14*3*x/(42/(-49)).
3, 7
Let a(z) = z**3 + 20*z**2 + 30*z - 17. Suppose -d + 6 = 6. Suppose -w = -4*w - 2*c - 58, 4*w - 5*c + 62 = d. List the prime factors of a(w).
7, 13
List the prime factors of 2319124/90 - 4 - (-112)/(-2520).
2, 3, 19, 113
Let w(m) = 54*m + 1. Let g(i) = -i. Let p(o) = -4*g(o) - w(o). Suppose 0 = 5*n + 7 + 3. List the prime factors of p(n).
3, 11
Let g be 1*4 + (8 - 4). Let i be -22*(-7 - (1 - 6)). What are the prime factors of 1742/g - (-11)/i?
2, 109
Let d(u) = -73*u + 19. Let h(c) = -366*c + 96. Let m(t) = -11*d(t) + 2*h(t). What are the prime factors of m(6)?
409
List the prime factors of 19696/56 - (-1 + (-45)/(-63)).
2, 11
Suppose 2*f - 21170 = -2*l, -f + 5*l + 10561 = -0*l. List the prime factors of f.
3, 3527
Suppose 4*u - 39 = 37. Let n = 245 - 443. Let l = u - n. List the prime factors of l.
7, 31
Let j(i) = -i**2 + 2*i + 7. Let m be j(3). Suppose m*q - 3*l = 1503, 2*q + 0*l - 729 = -3*l. What are the prime factors of q?
2, 3, 31
Suppose -28*i + 19*i = -15*i + 56586. List the prime factors of i.
9431
Let w = -4186 + 6982. What are the prime factors of w?
2, 3, 233
Let x(b) = -b**2 + 4*b + 9. Let g be x(5). Let j be 3*(60/(-16) + 4)*g. Suppose -16*q + j*q = -1625. What are the prime factors of q?
5
Suppose 14*t = -3 - 207. Let y(d) = d**3 + 20*d**2 + 42*d + 22. List the prime factors of y(t).
11, 47
Let k(p) = p**3 - 2*p**2 - 7*p - 2. Let t be k(-2). Let s(x) = 18*x**2 + 8*x - 3. List the prime factors of s(t).
11, 23
Let s(m) = m + 2. Let o be s(-2). Let u be (-13 - -1)*(-2 + o). What are the prime factors of (u/(-10)*-1)/(5/75)?
2, 3
List the prime factors of 7341*(16 + -10)/(7 - -2).
2, 2447
Suppose 11*x - 14 = 4*x. Suppose 91 = m + x*h, -3*m + 2*m + 95 = h. Suppose -m = -5*n + 681. List the prime factors of n.
2, 3, 13
Suppose 4*i - 134427 = 170*c - 175*c, -4*i = -5*c - 134397. What are the prime factors of i?
3, 23, 487
List the prime factors of 257004/88*((-14)/(-6) - -3).
2, 3, 11, 59
What are the prime factors of ((4 - 4) + -1)/(10 - 1992634/199262)?
43, 331
Let p be -3 - 1173/(-6)*-2. Suppose -22*o = -5*f - 25*o - 1097, 4*f + 881 = o. Let g = f - p. What are the prime factors of g?
2, 3, 29
Let r be 3/(-9)*3*(1 - 0). Let h be (-2)/r + 6 + 76. What are the prime factors of (-14)/h + 158/12?
13
Let a = 113 - 113. Let x(s) = 2*s**3 - 2*s**2 - s + 229. List the prime factors of x(a).
229
Suppose -3673878 = -166*w + 2123838. List the prime factors of w.
2, 3, 5821
Suppose -63*n - 187686 = 63276 - 1088169. What are the prime factors of n?
97, 137
Let r(m) = -m + 103. Let d be r(-15). List the prime factors of (2/4)/(1/11)*d.
11, 59
Let d = 8451 + 12464. List the prime factors of d.
5, 47, 89
Suppose 478*r - 5*y = 476*r + 25052, 0 = -4*r - 2*y + 50128. List the prime factors of r.
3, 4177
Let r be (19 - 13) + 1*-3. Let b be 3 + -7 - 18/(-2). Suppose f - 190 = -2*v, -b*v - 986 = -5*f - r*v. List the prime factors of f.
2, 7
Suppose 38*a = 33*a + 15. Suppose 0 = -2*s + a*w + 175, -15 = -3*w - 2*w. List the prime factors of s.
2, 23
Suppose 3*l + l - 4*x - 166048 = 0, 3*x + 83026 = 2*l. What are the prime factors of l?
2, 5, 7, 593
Let x be (-2)/(-7) - 7605/(-63). Suppose 0 = 4*q - 583 - x. Suppose -40 - q = -4*o. What are the prime factors of o?
2, 3
Let d(k) = -k**2 + 68*k - 443. Let q be d(19). Let x be (-1 - 0) + (-12)/(-3). Suppose z = -f + 156, z = x*f - z - q. What are the prime factors of f?
2, 5
Let f(w) = -857*w + 1. Let p be f(-1). Suppose 0 = -30*l - 2*l + 192. What are the prime factors of (p/(-18))/((-2)/l)?
11, 13
Let r be (10/6 + -1)*78. Suppose m - 4*f - 12 = 28, -r = -m - 2*f. Suppose 0*x = x - m. List the prime factors of x.
2, 3
Let y(k) = -2*k**2 + 43*k + 28. Let p be y(22). Suppose -w + 17 = -0*w. Let h = w - p. What are the prime factors of h?
11
Let y = 8 - 12. Let d be (5 - y) + (-4)/2. Suppose -185 = d*s - 12*s. What are the prime factors of s?
37
Let z = 92 + -95. Let m be (-3)/(2 + z + 1/(-2)). Suppose 3*h - 18 - 23 = 5*w, m*w = -8. What are the prime factors of h?
7
Let i be 4/(-10) + (-38)/15*3. Let o = 12 + i. Suppose 0 = u + 3*u + 12, -o*u + 186 = 2*r. List the prime factors of r.
3, 11
Suppose -3*j - 13 = -19, -3*x + 21 = 3*j. Let d(g) = 19*g**2 + 11*g + 15. What are the prime factors of d(x)?
5, 109
Let m be 171/27 - 7 - (-1438)/(-3). Let p = 1010 + m. What are the prime factors of p?
2, 5, 53
List the prime factors of (-1 - (-21)/15)*(-34215)/(-6).
2281
Let i(m) = -3*m**2 - 7*m + 7. Let w be i(-7). Let c = 336 - w. List the prime factors of c.
7, 61
Suppose 7*z - 1180 - 53168 = 0. What are the prime factors of (2 + z/(-30))/((-2)/5)?
2, 3, 107
Let o = 394 + -393. Let t(c) = 539*c**2 - 5*c + 1. What are the prime factors of t(o)?
5, 107
Let n be (-3 + (-159)/(-9))*(-81)/(-2). Suppose 4872 = 600*i - n*i. List the prime factors of i.
2, 7, 29
What are the prime factors of (-20 + (-462)/(-22))*1/((-1)/(-29985))?
3, 5, 1999
Suppose -9*i - 35*i = -4*i - 353080. What are the prime factors of i?
7, 13, 97
Let v(u) = 2*u**2 + 43*u + 19. Let j(a) = a**2 + 22*a + 10. Let r = 59 - 53. Let w(y) = r*v(y) - 13*j(y). List the prime factors of w(-20).
2, 3
Let i(u) = -1019*u - 724. List the prime factors of i(-3).
2333
Let u(a) = -3*a**2 - 47*a - 28. Let j be u(-15). Suppose 5*o = j*n - 2920, n - 3*o + o = 1462. List the prime factors of n.
2, 3, 5, 7
Let y(i) = 10*i - 77. Let k be y(10). Suppose -k*j - 6994 = -35008. What are the prime factors of j?
2, 3, 7, 29
Suppose -x - 106*g + 762 = -107*g, 744 = x + 2*g. List the prime factors of x.
2, 3, 7
Let b(u) = 3561*u**2 + 75*u - 10. List the prime factors of b(3).
2, 37, 109
Let o(b) = -41*b + 197. Let l be o(5). Let d(q) = -15*q + 2. List the prime factors of d(l).
2, 61
Let w(r) = 2*r**2 + 15*r - 103. Let k be w(-12). Suppose k*l - 624 = 4*g, 0 = -5*l + 8*l + 3*g - 369. What are the prime factors of l?
2, 31
Let t(n) = -5*n**2 + 14*n - 4. Let g = -2 + 6. Let i be t(g). Let b = i - -51. List the prime factors of b.
23
Let l = 5867 + 459. List the prime factors of l.
2, 3163
Suppose -5*l + 2*c + 46 = 0, 0*c = -3*l + 3*c + 33. Let p(m) = 2*m**3 - 11*m**2 + 9. List the prime factors of p(l).
7, 47
Let s(k) = k**3 - 8*k**2 + 7*k - 51. Suppose -19 = 3*j - 43. List the prime factors of s(j).
5
Let k be -1 - (-6)/((-9)/(-3)). Let r(i) = 5*i**2 - i**3 - 3*i**2 - 9*i - 3 + 10*i + k. List the prime factors of r(-4).
2, 3, 5
Let n(r) = 4*r**2 - 30*r + 38. Let h be n(6). Suppose -3*b + 3410 = h*w, -2*b - w + 5688 = 3*b. What are the prime factors of b?
2, 569
Suppose -3*w - 4638 = -4*w + 26652. List the prime factors of w.
2, 3, 5, 7, 149
Let r(d) = -3101*d - 264. What are the prime factors of r(-2)?
2, 2969
Suppose 6 = -2*o - 4, o + 429 = m. Let r = m - 99. List the prime factors of r.
5, 13
Let i(o) be the third derivative of -o**6/120 - o**5/60 + o**4/3 - 29*o**3/6 - 7*o**2 + o. What are the prime factors of i(-7)?
11, 19
Suppose 29*z - 60656 = 32403 - 14672. What are the prime factors of z?
3, 17, 53
Let q(u) = 1070*u + 611. List the prime factors of q(17).
3, 2089
Let q(t) = -t + 1. Let c be q(-2). Suppose 0 = -c*u - 15, -2*b = 2*b + u - 679. What are the prime factors of b?
3, 19
Let k(u) = -3*u + 11. Let f(m) = m**2 - 8*m + 11. Let a be f(7). Suppose 0 